 8 is divided by v(-9).
2
Suppose -5*d - 1 - 4 = 0. Let n(v) = -2*v**3 + 14*v**2 - 13*v - 1. Let f be n(6). Calculate the remainder when f + 43 - (d + 1) is divided by 19.
17
Let k(q) = 4*q + 15. Let n be k(3). Suppose -4*s + 205 = -n. What is the remainder when s is divided by 12?
10
Suppose 0 = 3*s + 3, -2*n - 7 = n - 5*s. Let l be 61/n - (-3)/12. Let b = -6 - l. Calculate the remainder when 26 is divided by b.
8
Suppose -4 = 4*c - 12. Suppose -4*i + 268 = 4*w, 2*w + 3*i = 5*i + 118. Suppose -85 - w = -c*t. Calculate the remainder when t is divided by 19.
17
Suppose 4*r - 228 = 4*g, -2*r + 0*g + 99 = g. Suppose -2*d + 136 = 2*d. Suppose 16 = -c + d. What is the remainder when r is divided by c?
16
What is the remainder when 31 is divided by (-13 - (-53)/4)*(22 + -2)?
1
Let r(y) = -y**2 - 54*y + 452. Let t(m) = -19*m**3 - m**2. Calculate the remainder when t(-2) is divided by r(-61).
23
Suppose 162 = -174*q + 177*q. What is the remainder when q is divided by 15?
9
Suppose -5*o + 54 + 71 = 0. Let i = 14 - 5. What is the remainder when (12*o/(-10))/(-2) is divided by i?
6
Let n(r) = r**3 - 9*r**2 - r + 14. Let c be n(9). Let l = c - 0. Calculate the remainder when 21 is divided by l.
1
Suppose 0 = 207*z - 203*z - 312. What is the remainder when z is divided by 16?
14
Let j(v) = -v**3 - 12*v**2 - 11*v + 12. Let b(z) = -5*z**3 - z**2 + 3*z. Calculate the remainder when b(-2) is divided by j(-11).
6
Suppose 0 = 6*u - 1149 + 249. Suppose 3*d + 2*i - u = 0, 0 = -0*d - d - i + 50. Calculate the remainder when d is divided by 13.
11
Suppose -4*b = -b - 5*r + 5, -r - 1 = -b. Suppose b = 4*k - 3. Calculate the remainder when 4 is divided by k.
0
Suppose 2*w = 12*w - 90. What is the remainder when (-1)/((-1)/30 - 0) is divided by w?
3
Let g = -8 + 13. Suppose g*v = 2*v. Suppose 3*z - 9 = v, -n + 2*z = -4*n + 51. Calculate the remainder when n is divided by 9.
6
Let z(u) = 2*u - 2. Suppose 16 - 6 = 2*i. Suppose -6*m - 55 + 211 = 0. What is the remainder when m is divided by z(i)?
2
Suppose 2*s - 5*o + 6 = 81, 2*s - 3*o = 65. Calculate the remainder when 95 is divided by s.
20
Suppose -d = 3*s - 30, 10*s - 8*s + 35 = d. Let z = -38 + 55. Calculate the remainder when d is divided by z.
16
Let k(y) = -y**3 + 6*y**2 + 18*y - 9. Let j = -39 + 47. Suppose 3*o + 5*h = 9 + 5, -5*o + 4*h = -11. What is the remainder when k(j) is divided by o?
1
Let a(z) = 40*z - 4. Let k(s) = 14*s**3 - s**2 - s + 1. What is the remainder when a(1) is divided by k(1)?
10
Suppose -5*l - 71 = -3*r, 5*r - 3*l - 102 = r. Suppose 0 = o - w - 50, 0*w - w + 54 = o. Calculate the remainder when o is divided by r.
25
What is the remainder when (73/3)/(62/558) is divided by 40?
19
Let q(b) = 3*b**2. Let c be q(2). Suppose c*y - 2*y = 110. Calculate the remainder when y is divided by 5.
1
Suppose 2*l + 42 - 248 = 0. Let u be ((-10)/2)/((-2)/8). Suppose -p = 4*p - u, 3*a - 74 = p. What is the remainder when l is divided by a?
25
Suppose 4*l + 4*v = 24, 2*l - 1 = -4*v + 9. Calculate the remainder when l is divided by ((-3)/2)/(3/(-6)).
1
Suppose -6*s - 25*s + 2480 = 0. Calculate the remainder when 148 is divided by s.
68
Let c(o) = 58*o - 36. What is the remainder when 367 is divided by c(1)?
15
Suppose 0 = -f + 5*o + 62, -13*f - 4*o = -15*f + 124. What is the remainder when f is divided by 7?
6
Calculate the remainder when 107 is divided by 29 - (42/630 - 2/30).
20
Let t = 701 + -700. What is the remainder when (-1)/(2/(-12)*2) is divided by t?
0
Let w = 719 - 677. Calculate the remainder when 456 is divided by w.
36
Let p = 14 - 6. Suppose 2*m = 3*m - 5. Suppose m*k - 5 = 60. Calculate the remainder when k is divided by p.
5
Let j(v) = v**2 - v + 35. Let a be j(0). Suppose 2*t - 13 = -2*u + 19, 0 = 2*u - t - a. Let g = -8 - -41. What is the remainder when g is divided by u?
16
Suppose -4*k - 23 = -419. Let z = -180 - -205. What is the remainder when k is divided by z?
24
Let p(k) = -5*k + 31. Let a be p(6). Calculate the remainder when a/(3/(2 - -208)) is divided by 12.
10
Let z(b) = 2*b**3 - 2*b**2 - 5*b + 6. What is the remainder when 18 is divided by z(2)?
2
Let y(u) = 17*u**3 - 4*u**2 - u. Let c be y(3). Suppose 255 = z - c. Calculate the remainder when 53 is divided by ((-4)/(-10))/(15/z).
17
Suppose 4*w + 25 = 73. Let m(r) = -4*r + r - 4*r + w + 6*r. What is the remainder when 35 is divided by m(0)?
11
Let v(x) = x - 1. Let d be v(0). Let j(w) = 8*w**2 - 1. Let f(m) = -m**2 + 19*m - 38. What is the remainder when f(14) is divided by j(d)?
4
Let g(s) = s**2 + 4. Suppose 0 = q + 3*q - 2*j - 6, 2*j + 6 = 0. Suppose 2*i = m - 35, 3*m + i + i - 65 = q. Calculate the remainder when m is divided by g(3).
12
Let r(y) = 131*y**3 - 8*y + 7. Calculate the remainder when r(1) is divided by 12.
10
Suppose 9*n - 13*n + 1008 = 0. What is the remainder when n is divided by 17?
14
Suppose -12*x + 16 = -164. Let t(l) = l**3 - 7*l**2 - 7. What is the remainder when t(8) is divided by x?
12
What is the remainder when 47 - (-10 - -5 - 4) is divided by 21?
14
Let c = 5 - 3. Suppose -c - 62 = -4*v. Let a = 599 + -536. Calculate the remainder when a is divided by v.
15
Suppose -2*o - 5*v + 56 + 6 = 0, 3*o + v - 106 = 0. Suppose -2*k + 5*k + 2*t = 46, -2*k - 4*t + o = 0. What is the remainder when 40 is divided by k?
12
Suppose 0*p - 4*p = -5*f + 247, -f = 3*p - 57. What is the remainder when 302 is divided by f?
47
Let p(v) = -9*v + 4*v - 5*v - 8 - v**2. Suppose 4*l - 6 = -34. Calculate the remainder when p(l) is divided by 4.
1
What is the remainder when 182 is divided by 31/((-44)/(-36) - 4/18)?
27
Let u(j) = -73*j - 44. Calculate the remainder when u(-5) is divided by 46.
45
Let p be -55*1*6/(-2). Suppose 2*r - 2*n + 0*n - 70 = 0, -5*r = 5*n - p. Calculate the remainder when r is divided by 9.
7
Let v(d) = 6*d - 15. Calculate the remainder when -1 + 2/((-6)/9) - -106 is divided by v(5).
12
Suppose 0 = 2*a - 5 - 1. Let k be a*(2 + (-4)/6). Calculate the remainder when 20 is divided by (-1 + (-18)/k)*-2.
9
Let r(g) = 6*g**3 + 49*g**2 + 52*g + 31. Let y(m) = 2*m**2 + 5. Calculate the remainder when y(4) is divided by r(-7).
7
Let x be (0 + (-9)/((-3)/(-1)))*-2. What is the remainder when (x - 1)/(2/4) is divided by 4?
2
Suppose -4*d = 3*z + 8, -3*z - 2 = d - 0*z. Let s(h) = -7*h - 4. Let f = 37 + -34. What is the remainder when s(d) is divided by f?
1
Suppose 3347 = 22*m + 443. What is the remainder when m is divided by 39?
15
Let t = 0 + 0. Suppose -17*q + 14*q - 87 = t. Let p = 39 + q. Calculate the remainder when 35 is divided by p.
5
Suppose 1380 = -7*x - 2365. Calculate the remainder when 1/4 - (-4)/((-80)/x) is divided by 14.
13
Let f(m) = -m**3 - 29*m**2 + 25*m - 97. Calculate the remainder when f(-30) is divided by -1 + (-3)/(-1) + 9.
9
What is the remainder when 50/30*(3 - (-48)/(-20)) is divided by 1?
0
Suppose 511 = 3*z + z - 3*f, -124 = -z - 3*f. What is the remainder when z is divided by 32?
31
Suppose -24*h = -18*h - 54. Calculate the remainder when 29 is divided by h.
2
Let y(f) = -32*f + 330. What is the remainder when 277 is divided by y(9)?
25
What is the remainder when (-4 + -25)*(-2)/2 is divided by 19?
10
Suppose -801 = -4*v - d - 204, 0 = 2*d - 2. What is the remainder when v is divided by 14?
9
Let r = 74 - 46. Let w be -7*((-180)/r + 3). Let h = w - 10. Calculate the remainder when 68 is divided by h.
12
Let c = 24 + -24. Suppose c = 5*n + 11 - 91. Calculate the remainder when (43/3 + 1)*3 is divided by n.
14
Let v = -73 + 14. Let u = 76 + v. Calculate the remainder when u is divided by 4.
1
Let v = 6 + 23. Let c(b) = -b + 2. Let q be c(0). What is the remainder when v is divided by 2/q - 9*-1?
9
What is the remainder when 3*7/((-126)/(-750)) is divided by 18?
17
Suppose 4*h - 930 = 3*t, 0 = 4*h - 2*t - 344 - 584. Calculate the remainder when h is divided by 59.
54
Suppose 0 = -3*h + 5*d + 452, 3*h - 2*d = 2*d + 448. Let s = h - 109. What is the remainder when 173 is divided by s?
33
Calculate the remainder when ((-16700)/(-40))/(5/4) is divided by 34.
28
Suppose -25 - 25 = -4*g + c, 5*g = 5*c + 55. Calculate the remainder when 154 is divided by g.
11
Let r be (-4)/30 - 28/15. What is the remainder when 81 is divided by 16 - (-2)/(0 - r)?
13
Suppose 0*a = 2*a - 60. What is the rema